?
True
Is 338 a multiple of 15?
False
Is 140 a factor of 30380?
True
Is 748 a multiple of 44?
True
Does 5 divide 2750?
True
Is 1240 a multiple of 33?
False
Is 1230 a multiple of 10?
True
Does 16 divide 2192?
True
Is 18 a factor of 198?
True
Is 198 a multiple of 2?
True
Is 2700 a multiple of 8?
False
Does 3 divide 17?
False
Is 542 a multiple of 9?
False
Is 230 a multiple of 23?
True
Is 640 a multiple of 40?
True
Is 7518 a multiple of 179?
True
Does 7 divide 838?
False
Is 22260 a multiple of 265?
True
Does 22 divide 1628?
True
Is 253 a factor of 50304?
False
Does 34 divide 139?
False
Is 158 a factor of 6162?
True
Is 2016 a multiple of 7?
True
Is 1459 a multiple of 33?
False
Does 8 divide 2168?
True
Is 1678 a multiple of 54?
False
Is 7327 a multiple of 69?
False
Is 10472 a multiple of 14?
True
Does 12 divide 1164?
True
Is 2079 a multiple of 63?
True
Is 6 a factor of 237?
False
Is 31 a factor of 24738?
True
Does 18 divide 16344?
True
Is 1334 a multiple of 45?
False
Is 7072 even?
True
Is 21 a factor of 78603?
True
Is 31 a factor of 1891?
True
Is 20638 a multiple of 34?
True
Does 24 divide 20359?
False
Does 39 divide 8736?
True
Is 156 a multiple of 12?
True
Is 1116 a multiple of 18?
True
Is 728 a multiple of 7?
True
Is 17 a factor of 23223?
False
Is 38 a factor of 362?
False
Is 133 a factor of 2394?
True
Does 67 divide 32294?
True
Is 996 a multiple of 12?
True
Is 577 a multiple of 33?
False
Is 88068 a multiple of 42?
False
Is 54 a factor of 972?
True
Is 9 a factor of 5769?
True
Does 6 divide 1002?
True
Is 197 a multiple of 5?
False
Is 38606 a multiple of 194?
True
Does 8 divide 136?
True
Is 346 a multiple of 14?
False
Is 490 a multiple of 14?
True
Does 8 divide 833?
False
Is 42 a factor of 336?
True
Does 17 divide 885?
False
Is 13 a factor of 65142?
False
Is 103 a factor of 40757?
False
Is 117 a factor of 32637?
False
Is 15 a factor of 387?
False
Is 584 a multiple of 11?
False
Does 22 divide 2068?
True
Is 61 a factor of 3355?
True
Is 105 a multiple of 11?
False
Is 6435 a multiple of 13?
True
Does 9 divide 183?
False
Does 29 divide 7134?
True
Does 55 divide 45726?
False
Does 59 divide 62953?
True
Is 5 a factor of 77305?
True
Does 15 divide 3195?
True
Is 732 a multiple of 12?
True
Does 14 divide 229?
False
Is 114 a multiple of 6?
True
Is 46 a factor of 138?
True
Is 7 a factor of 3461?
False
Does 19 divide 2584?
True
Does 10 divide 943?
False
Is 4394 a multiple of 5?
False
Does 31 divide 390?
False
Does 36 divide 7776?
True
Does 10 divide 1346?
False
Is 24 a factor of 168?
True
Is 150 a multiple of 10?
True
Is 127 a factor of 15113?
True
Does 20 divide 3460?
True
Is 6 a factor of 540?
True
Does 13 divide 41063?
False
Is 247 a multiple of 20?
False
Is 12 a factor of 960?
True
Is 62974 a multiple of 155?
False
Does 164 divide 16072?
True
Is 392 a multiple of 7?
True
Does 12 divide 4704?
True
Is 85 a factor of 19038?
False
Does 65 divide 3314?
False
Is 34 a factor of 20536?
True
Does 53 divide 9699?
True
Is 15 a factor of 22710?
True
Is 8 a factor of 26?
False
Is 77088 a multiple of 176?
True
Is 140 a factor of 26436?
False
Is 72 a factor of 2088?
True
Is 10323 a multiple of 210?
False
Does 22 divide 5407?
False
Is 16531 a multiple of 14?
False
Is 3 a factor of 31?
False
Is 213 a multiple of 71?
True
Is 806 a multiple of 63?
False
Is 16311 a multiple of 28?
False
Is 33 a factor of 455?
False
Is 5 a factor of 100?
True
Does 12 divide 72?
True
Is 45 a factor of 223?
False
Does 9 divide 3417?
False
Does 15 divide 2948?
False
Is 48 a factor of 375?
False
Does 62 divide 3373?
False
Is 2601 a multiple of 112?
False
Is 3 a factor of 1116?
True
Is 600 a multiple of 32?
False
Does 18 divide 3852?
True
Is 2 a factor of 68?
True
Is 7911 a multiple of 8?
False
Is 918 a multiple of 17?
True
Does 5 divide 10938?
False
Is 9 a factor of 297?
True
Is 10 a factor of 2170?
True
Is 270 a factor of 9180?
True
Does 441 divide 29988?
True
Is 16 a factor of 15488?
True
Is 6 a factor of 228?
True
Does 66 divide 1307?
False
Is 521 a multiple of 3?
False
Does 14 divide 324?
False
Is 10 a factor of 15419?
False
Is 11001 a multiple of 192?
False
Does 20 divide 6973?
False
Is 36 a factor of 4170?
False
Does 8 divide 9904?
True
Is 42 a factor of 10257?
False
Is 64 a factor of 4160?
True
Is 18845 a multiple of 197?
False
Is 45 a factor of 44979?
False
Is 6 a factor of 2034?
True
Is 9 a factor of 933?
False
Does 8 divide 573?
False
Is 12 a factor of 360?
True
Does 55 divide 4595?
False
Is 31 a factor of 868?
True
Does 55 divide 495?
True
Does 26 divide 11336?
True
Is 27 a factor of 5265?
True
Is 765 a multiple of 45?
True
Is 51 a factor of 11730?
True
Is 30 a factor of 75180?
True
Does 16 divide 1361?
False
Is 740 a multiple of 36?
False
Does 13 divide 310?
False
Is 4981 a multiple of 36?
False
Is 1158 a multiple of 6?
True
Does 18 divide 1296?
True
Does 36 divide 7740?
True
Is 10879 a multiple of 11?
True
Is 21 a factor of 729?
False
Does 2 divide 95?
False
Is 25 a factor of 23829?
False
Is 24 a factor of 1800?
True
Is 13734 a multiple of 6?
True
Does 34 divide 16198?
False
Is 62 a multiple of 3?
False
Does 10 divide 85540?
True
Is 19 a factor of 3686?
True
Does 11 divide 3954?
False
Is 28 a factor of 4592?
True
Is 15 a factor of 2414?
False
Does 9 divide 9459?
True
Is 28 a factor of 3490?
False
Is 3360 a multiple of 112?
True
Is 14424 a multiple of 12?
True
Is 2529 a multiple of 66?
False
Is 38688 a multiple of 96?
True
Does 12 divide 851?
False
Does 18 divide 15894?
True
Does 51 divide 88026?
True
Is 73 a factor of 1602?
False
Is 73 a factor of 1387?
True
Does 11 divide 888?
False
Is 82 a factor of 820?
True
Is 24 a factor of 6163?
False
Does 31 divide 5792?
False
Is 48 a multiple of 3?
True
Does 19 divide 30488?
False
Is 8 a factor of 2833?
False
Is 240 a multiple of 29?
False
Does 25 divide 600?
True
Does 93 divide 372?
True
Is 352 a multiple of 16?
True
Is 12674 a multiple of 176?
False
Does 34 divide 8058?
True
Does 25 divide 24375?
True
Does 11 divide 13790?
False
Does 8 divide 240?
True
Is 17 a factor of 7826?
False
Is 20 a factor of 1395?
False
Is 840 a multiple of 3?
True
Does 14 divide 980?
True
Is 624 a multiple of 13?
True
Is 2592 a multiple of 12?
True
Does 11 divide 46273?
False
Does 3 divide 21283?
False
Is 3 a factor of 515?
False
Is 129 a factor of 797?
False
Is 4314 even?
True
Is 41 a factor of 7790?
True
Does 25 divide 1612?
False
Is 292 a multiple of 73?
True
Is 136 a multiple of 8?
True
Does 3 divide 292?
False
Is 30705 a multiple of 23?
True
Does 112 divide 2464?
True
Does 36 divide 4186?
False
Does 20 divide 1663?
False
Is 37 a factor of 63011?
True
Is 2 a factor of 2930?
True
Does 8 divide 1776?
True
Does 104 divide 2704?
True
Does 40 divide 1509?
False
Is 1740 a multiple of 29?
True
Does 13 divide 3982?
False
Is 9 a factor of 2828?
False
Does 7 divide 6307?
True
Is 19 a factor of 1264?
False
Is 5 a factor of 1029?
False
Is 247 even?
False
Does 97 divide 28227?
True
Does 79 divide 395?
True
Is 18 a factor of 54?
True
Is 777 a multiple of 11?
False
Is 19 a factor of 1254?
True
Does 10 divide 443?
False
Does 3 divide 630?
True
Does 39 divide 13923?
True
Is 43 a factor of 8772?
True
Does 26 divide 130?
True
Does 28 divide 2884?
True
Is 121 a factor of 20207?
True
Is 14 a factor of 2141?
False
Is 703 a multiple of 37?
True
Is 1618 a multiple of 76?
False
Is 7 a factor of 190?
False
Is 156 a multiple of 26?
True
Does 22 divide 77814?
True
Is 17 a factor of 72022?
False
Does 8 divide 63795?
False
Does 13 divide 2457?
True
Is 11 a factor of 330?
True
Is 4 a factor of 456?
True
Is 44 a factor of 715?
False
Does 10 divide 2025?
False
Is 100 a factor of 9966?
False
Is 235 a multiple of 3?
False
Is 5 a factor of 7455?
True
Is 14 a factor of 319?
False
Is 1504 a multiple of 47?
True
Does 100 divide 3100?
True
Is 111 a factor of 1998?
True
Does 22 divide 8895?
False
Is 1197 a multiple of 63?
True
Is 36 a factor of 2167?
False
Is 9 a factor of 154?
False
Does 41 divide 1927?
True
Is 72 a multiple of 9?
True
Is 2328 a multiple of 97?
True
Is 43 a factor of 593?
False
Is 13 a factor of 14339?
True
Does 18 divide 38898?
True
Does 43 divide 3811?
False
Does 46 divide 11928?
False
Is 3822 a multiple of 7?
True
Is 107 a factor of 46365?
False
Does 40 divide 1723?
False
Is 135 